356 = m*v. What is the tens digit of c?
8
Let k(o) = -4159*o + 277. What is the ten thousands digit of k(-4)?
1
Let x = 566 - 390. Let w = 5 - 0. Suppose 5 = -5*s, 2*r + 3*s - w*s = x. What is the units digit of r?
7
Suppose 61*c - 10281 = -1619. Suppose 4340 = 147*o - c*o. What is the tens digit of o?
6
Suppose -9*q - 14*q + 2*q + 49161 = 0. What is the tens digit of q?
4
Suppose -23*w - 670 = -74684. Suppose 5395 + w = 11*g. What is the tens digit of g?
8
Suppose 4*a - 35 = -5*l, -5*l + a = 4*a - 40. Let m(y) be the third derivative of y**5/30 - 7*y**4/12 + 14*y**3/3 + 1824*y**2. What is the tens digit of m(l)?
1
Let v be 218/(-5) + 2/(-5). Suppose 3*x + 43 = 7. What is the tens digit of v/6*x/8?
1
Let s = -21 - -52. Suppose 44*w - 1140 = 1324. Let q = w + s. What is the tens digit of q?
8
Let l(a) = 11*a**3 - 23*a**2 + 115*a + 13. What is the hundreds digit of l(11)?
1
Suppose 20*i - 10219 = 9*i. Let g = 1580 - i. What is the units digit of g?
1
Let z(n) be the third derivative of -n**7/1680 + n**6/240 - 3*n**5/20 - 29*n**2. Let h(a) be the third derivative of z(a). What is the tens digit of h(-4)?
1
Let g(f) = -3*f**3 + f**2 + f - 1. Let y be g(1). Let p be 4 + y + (3 - 0 - 0). Suppose 0 = p*m - 3*q - 365, 203 = 3*m + q - 6*q. What is the tens digit of m?
7
Let s = 119 - 98. Let x = 164 - s. Suppose -5*b + 2*n + 749 - 58 = 0, -b = 2*n - x. What is the units digit of b?
9
Let k = 297 + -297. Let y(c) = -9*c + 142. What is the tens digit of y(k)?
4
Let c(h) = -4*h + 53. Let p be c(15). Let n be ((-21)/(-6))/p*-1434. Suppose 0 = -9*s + 12*s - n. What is the units digit of s?
9
What is the units digit of 24/432 - (-893049)/54?
8
Let d be (1 + -1)/5*-1. Suppose 16 = -4*n, 4*r + 20 = -d*r - 4*n. What is the tens digit of (-21)/14*50/r?
7
Let h(y) = y**3 + 14*y**2 - 24. Let q be h(-12). Suppose 3270 = -259*r + q*r. What is the tens digit of r?
5
Let k be 116/30 - 120/(-900). Suppose -4*i = -k*w - 7*i + 643, i - 649 = -4*w. What is the tens digit of w?
6
Let z(u) = -17*u + 525. Let s be z(31). Let j be (0 - 1)/(2/6). What is the tens digit of 129/j*2/s?
4
Let y(p) = -3*p + 7. Let u(f) = f**3 - 5*f**2 + 4*f + 2. Let l be u(4). Suppose -d = -l*h - 4, 4*d + 3*h = d - 33. What is the units digit of y(d)?
5
Let t = 4 - -6. Let f be (-13616)/(-40) - 4/t. Suppose -f = 6*u - 10*u. What is the units digit of u?
5
Let m = -394 + 394. Suppose -1018 - 1994 = -4*v + k, m = -4*k. What is the units digit of v?
3
Suppose 0 = -2*t, l + 3*t + 26 + 135 = 0. Let z = l - -563. What is the tens digit of z?
0
What is the thousands digit of 12 + -8 - (-6924*1 - -1)?
6
Let y(n) = -14*n + 539. What is the thousands digit of y(-34)?
1
Suppose 0 = -11*a + 3256 - 418. Let i = 812 + a. What is the hundreds digit of i?
0
Suppose 21*k - 51215 - 61030 = 0. What is the hundreds digit of k?
3
Let j be 15 - (-6)/(-12)*14. What is the units digit of (34/j*-26)/((-9)/18)?
1
Let k be (7/((-7)/(-6)))/2. Let a be (k/(-6))/(2/((-48)/3)). Suppose -p - 4*p + 80 = -2*y, a*y + 70 = 5*p. What is the tens digit of p?
1
Suppose 15*m + 4*j - 9898 = 20*m, -m = 3*j + 1991. Let s = m - -3639. What is the tens digit of s?
5
Let w(r) = 728*r**2 + 5*r + 5. Let m be w(-1). Suppose 2*l + 553 = 3*x, 4*x - m = -9*l + 14*l. What is the units digit of x?
7
Let r = 61577 - 43824. What is the tens digit of r?
5
Suppose -740*j - 4201 + 17743 = -703*j. What is the hundreds digit of j?
3
Let a = 66 + -76. Let o be (102/85)/((-1)/a). Suppose -15*b + 687 = -o*b. What is the hundreds digit of b?
2
Suppose 0 = -b + p - 132, 27*p = 25*p + 10. Let t = b + 169. What is the units digit of t?
2
Suppose -41*f - 16 = -49*f. Suppose 5*g + 8*v - 7*v = 5661, g + f*v - 1134 = 0. What is the hundreds digit of g?
1
Let l be (63/35)/(6/260). Suppose -3*w - 4*u + l = -w, 3*w = 3*u + 99. What is the units digit of w?
5
Let c = -123 - -131. Suppose 4*q - 20 = c*q, -d = 5*q - 229. What is the tens digit of d?
5
Suppose 5*q - 3 = -o, o - 5*q = 5*o - 12. Suppose g - z - 35 = 0, g + o*z - 90 = -g. What is the tens digit of g?
3
Let z be (14 - 11)*2*1/6. What is the tens digit of -384*(0 - 9/12)/z?
8
Let j(c) = -69*c - 273. Let a(r) = -172*r - 682. Let v(o) = 5*a(o) - 12*j(o). What is the units digit of v(-6)?
8
Let k(h) = 1200*h**2 - 62*h - 390. What is the ten thousands digit of k(-7)?
5
Let t = 15975 - 8749. What is the thousands digit of t?
7
Let k be -5 - (-1)/(4*5/22360). Let u = k + -592. What is the tens digit of u?
2
Suppose 178857 - 36003 = 29*g. What is the tens digit of g?
2
Let b(u) = 612*u**3 - 29*u**2 - 26*u + 13. Let p(m) = -153*m**3 + 7*m**2 + 6*m - 3. Let o(x) = 2*b(x) + 9*p(x). What is the tens digit of o(-1)?
5
Suppose -i - 3*i + 12 = 0, 0 = v - i - 2240. What is the units digit of v?
3
Let s = 6902 - 3842. Suppose 8*b = s - 172. What is the units digit of b?
1
Suppose 2*f = -3*h + 20, -2*f + 4 = -4*h + 3*f. Suppose -4 - 4 = -h*i. Suppose 0 = -2*j - i*j + 104. What is the tens digit of j?
2
Suppose 57*n = 50*n + 6517. Suppose -4*z + 293 + n = 3*k, 4 = k. What is the hundreds digit of z?
3
Let w(y) = 30*y**2 - 2*y - 4. Suppose 0 = 14*m - 14 + 56. What is the hundreds digit of w(m)?
2
Let l(r) = 22*r**2 - 7*r + 86. What is the thousands digit of l(10)?
2
Let a = 579 - 407. Suppose -3*c = -5*c + 5*t + 86, t - a = -4*c. Let k = c - -52. What is the tens digit of k?
9
Suppose -9*g = g + 1690. Let i = -120 - g. What is the units digit of i?
9
Let z(b) = 34*b**2 + 3570*b + 189. What is the tens digit of z(-111)?
3
Suppose 0*j = 3*j + 2*v - 12, 42 = 5*j - 4*v. Let t be 80/30 + 2/j. Suppose -107 - 313 = -t*k. What is the hundreds digit of k?
1
Let z(s) = 9*s**2 - 7*s - 4. Let u be z(3). Suppose u - 55 = -g. What is the tens digit of g + -3*(-2)/2 + 22?
2
Let k = 44 + -94. Let n be (k/15 + 3)*(-18)/1. What is the tens digit of (-2)/(n/3) - (-26 + 0)?
2
Let m be ((-215)/45 - -5) + (-518)/(-18). Suppose -5*v + m = -21. Suppose h - v = -3. What is the units digit of h?
7
Let y(l) = -13*l**2 - 9. Let n(m) = -13*m**2 - 8. Let j(r) = -4*n(r) + 3*y(r). Let u(v) = 13*v**2 - 103*v - 10. Let b be u(8). What is the units digit of j(b)?
7
Suppose 0 = 4*z + p + 8540 - 64473, 6*z = 4*p + 83938. What is the hundreds digit of z?
9
Let i be (16/6)/(0 + (-2)/(-3)). Suppose i*z - 1 = 15. Suppose 3*j - 181 = p, -242 = -z*j - p + 2*p. What is the units digit of j?
1
Suppose 4*x + 2*l = l + 4748, 3*x = -4*l + 3548. Suppose -9*d + 12*d = x. What is the tens digit of d?
9
Suppose 0 = -3*l + 5*c + 95978, 45*c - 48*c + 31960 = l. What is the units digit of l?
1
Let m(c) = 104*c**3 + 9*c**2 - 36*c + 255. What is the units digit of m(6)?
7
Let q(u) = 1409*u - 1807. What is the units digit of q(15)?
8
Let s(d) = -24*d + 2. Suppose 9 = -5*h + 44. Let u be s(h). Let x = u - -321. What is the units digit of x?
5
Let h(t) = 15*t - 11. Let x be h(7). Let o = x + -114. What is the units digit of (-9)/3 + 5/(o/(-88))?
9
Suppose 801216 = 8*m + 88*m. What is the thousands digit of m?
8
Let h(s) = 144*s**2 + 10*s - 91. What is the thousands digit of h(-7)?
6
Let r(c) be the second derivative of 185/2*c**2 + 1/12*c**4 + 1/6*c**3 + 0 + 44*c. What is the units digit of r(0)?
5
Let o be 2 - (-9)/((-45)/(-20)). Suppose o*z - z = -280. Let l = z + 140. What is the tens digit of l?
8
Suppose 0 = 3*p + 5 - 2. Let f(w) = 178*w**3 - 2*w**2 - w - 1. Let k be f(p). Let s = -43 - k. What is the hundreds digit of s?
1
Let w = 115508 - 66175. What is the units digit of w?
3
What is the tens digit of (7 - 6)/((-1)/(-6056))?
5
Suppose -177*h = -176*h - 3. Suppose 2*z + u = 200, u - 326 + 25 = -3*z. Suppose -212 = -h*a - z. What is the tens digit of a?
3
What is the units digit of 2 - (0 - 1) - (270372/(-3))/4?
4
Let p(m) = 15*m**3 + 4*m**2 - m - 7. Let z be p(3). Suppose z = k + 96. Suppose 5*o + 85 = 4*t + k, 2*o = 2*t + 98. What is the tens digit of o?
5
Let p be 56/(-140) + (-16)/10*5506. Let y = -3326 - p. What is the tens digit of y/108 - 2/(-9)?
5
Suppose -30 = 3*z - 138. Suppose -2*n + 5*o = 3*n + 45, 5*o + 35 = -5*n. Let s = z + n. What is the units digit of s?
8
Suppose 3*l = 3*r - 34575, -34600 = -3*r - 54*l + 52*l. What is the units digit of r?
0
Let v(d) = -2*d - 44. Let r be v(-41). Suppose 40*o - r*o = 3028. What is the hundreds digit of o?
5
Suppose -2*r = -4*v - 